{"id":156,"date":"2024-02-09T11:55:59","date_gmt":"2024-02-09T10:55:59","guid":{"rendered":"https:\/\/arr11928.ginette-et-compagnie.fr\/?page_id=8"},"modified":"2024-04-08T11:46:57","modified_gmt":"2024-04-08T09:46:57","slug":"accueil","status":"publish","type":"page","link":"https:\/\/noixdegrenoble-riviere.com\/","title":{"rendered":"Accueil"},"content":{"rendered":"<div id=\"cs-content\" class=\"cs-content\"><\/div>\n","protected":false},"excerpt":{"rendered":"<p>Au c\u0153ur du paysde laNoix de GrenobleDepuis 1983Une entreprise, une famille, une histoire La noix fait partie de notre famille depuis des ge\u0301ne\u0301rations. La petite exploitation familiale est devenue une entreprise a\u0300 taille humaine, spe\u0301cialise\u0301e dans le ne\u0301goce de noix frai\u0302ches, de noix se\u0300ches et de cerneaux. Un premier site a\u0300 Coublevie cre\u0301e\u0301 en 1983, qui grandit. Un deuxie\u0300me quinze &#8230; <\/p>\n<div><a href=\"https:\/\/noixdegrenoble-riviere.com\/\" class=\"more-link\">Read More<\/a><\/div>\n","protected":false},"author":1,"featured_media":0,"parent":0,"menu_order":0,"comment_status":"closed","ping_status":"closed","template":"template-blank-4.php","meta":{"footnotes":""},"class_list":["post-156","page","type-page","status-publish","hentry","no-post-thumbnail"],"yoast_head":"<!-- This site is optimized with the Yoast SEO plugin v22.4 - https:\/\/yoast.com\/wordpress\/plugins\/seo\/ -->\n<title>Accueil - Arnaud Rivi\u00e8re<\/title>\n<meta name=\"robots\" content=\"index, follow, max-snippet:-1, max-image-preview:large, max-video-preview:-1\" \/>\n<link rel=\"canonical\" href=\"https:\/\/noixdegrenoble-riviere.com\/\" \/>\n<meta property=\"og:locale\" content=\"fr_FR\" \/>\n<meta property=\"og:type\" content=\"article\" \/>\n<meta property=\"og:title\" content=\"Accueil - Arnaud Rivi\u00e8re\" \/>\n<meta property=\"og:description\" content=\"Au c\u0153ur du paysde laNoix de GrenobleDepuis 1983Une entreprise, une famille, une histoire La noix fait partie de notre famille depuis des ge\u0301ne\u0301rations. La petite exploitation familiale est devenue une entreprise a\u0300 taille humaine, spe\u0301cialise\u0301e dans le ne\u0301goce de noix frai\u0302ches, de noix se\u0300ches et de cerneaux. Un premier site a\u0300 Coublevie cre\u0301e\u0301 en 1983, qui grandit. Un deuxie\u0300me quinze ... Read More\" \/>\n<meta property=\"og:url\" content=\"https:\/\/noixdegrenoble-riviere.com\/\" \/>\n<meta property=\"og:site_name\" content=\"Arnaud Rivi\u00e8re\" \/>\n<meta property=\"article:modified_time\" content=\"2024-04-08T09:46:57+00:00\" \/>\n<meta name=\"twitter:card\" content=\"summary_large_image\" \/>\n<meta name=\"twitter:label1\" content=\"Dur\u00e9e de lecture estim\u00e9e\" \/>\n\t<meta name=\"twitter:data1\" content=\"17 minutes\" \/>\n<script type=\"application\/ld+json\" class=\"yoast-schema-graph\">{\"@context\":\"https:\/\/schema.org\",\"@graph\":[{\"@type\":\"WebPage\",\"@id\":\"https:\/\/noixdegrenoble-riviere.com\/\",\"url\":\"https:\/\/noixdegrenoble-riviere.com\/\",\"name\":\"Accueil - Arnaud Rivi\u00e8re\",\"isPartOf\":{\"@id\":\"https:\/\/noixdegrenoble-riviere.com\/#website\"},\"datePublished\":\"2024-02-09T10:55:59+00:00\",\"dateModified\":\"2024-04-08T09:46:57+00:00\",\"breadcrumb\":{\"@id\":\"https:\/\/noixdegrenoble-riviere.com\/#breadcrumb\"},\"inLanguage\":\"fr-FR\",\"potentialAction\":[{\"@type\":\"ReadAction\",\"target\":[\"https:\/\/noixdegrenoble-riviere.com\/\"]}]},{\"@type\":\"BreadcrumbList\",\"@id\":\"https:\/\/noixdegrenoble-riviere.com\/#breadcrumb\",\"itemListElement\":[{\"@type\":\"ListItem\",\"position\":1,\"name\":\"Accueil\",\"item\":\"https:\/\/noixdegrenoble-riviere.com\/\"},{\"@type\":\"ListItem\",\"position\":2,\"name\":\"Accueil\"}]},{\"@type\":\"WebSite\",\"@id\":\"https:\/\/noixdegrenoble-riviere.com\/#website\",\"url\":\"https:\/\/noixdegrenoble-riviere.com\/\",\"name\":\"Arnaud Rivi\u00e8re\",\"description\":\"\",\"potentialAction\":[{\"@type\":\"SearchAction\",\"target\":{\"@type\":\"EntryPoint\",\"urlTemplate\":\"https:\/\/noixdegrenoble-riviere.com\/?s={search_term_string}\"},\"query-input\":\"required name=search_term_string\"}],\"inLanguage\":\"fr-FR\"}]}<\/script>\n<!-- \/ Yoast SEO plugin. -->","yoast_head_json":{"title":"Accueil - Arnaud Rivi\u00e8re","robots":{"index":"index","follow":"follow","max-snippet":"max-snippet:-1","max-image-preview":"max-image-preview:large","max-video-preview":"max-video-preview:-1"},"canonical":"https:\/\/noixdegrenoble-riviere.com\/","og_locale":"fr_FR","og_type":"article","og_title":"Accueil - Arnaud Rivi\u00e8re","og_description":"Au c\u0153ur du paysde laNoix de GrenobleDepuis 1983Une entreprise, une famille, une histoire La noix fait partie de notre famille depuis des ge\u0301ne\u0301rations. La petite exploitation familiale est devenue une entreprise a\u0300 taille humaine, spe\u0301cialise\u0301e dans le ne\u0301goce de noix frai\u0302ches, de noix se\u0300ches et de cerneaux. Un premier site a\u0300 Coublevie cre\u0301e\u0301 en 1983, qui grandit. Un deuxie\u0300me quinze ... Read More","og_url":"https:\/\/noixdegrenoble-riviere.com\/","og_site_name":"Arnaud Rivi\u00e8re","article_modified_time":"2024-04-08T09:46:57+00:00","twitter_card":"summary_large_image","twitter_misc":{"Dur\u00e9e de lecture estim\u00e9e":"17 minutes"},"schema":{"@context":"https:\/\/schema.org","@graph":[{"@type":"WebPage","@id":"https:\/\/noixdegrenoble-riviere.com\/","url":"https:\/\/noixdegrenoble-riviere.com\/","name":"Accueil - Arnaud Rivi\u00e8re","isPartOf":{"@id":"https:\/\/noixdegrenoble-riviere.com\/#website"},"datePublished":"2024-02-09T10:55:59+00:00","dateModified":"2024-04-08T09:46:57+00:00","breadcrumb":{"@id":"https:\/\/noixdegrenoble-riviere.com\/#breadcrumb"},"inLanguage":"fr-FR","potentialAction":[{"@type":"ReadAction","target":["https:\/\/noixdegrenoble-riviere.com\/"]}]},{"@type":"BreadcrumbList","@id":"https:\/\/noixdegrenoble-riviere.com\/#breadcrumb","itemListElement":[{"@type":"ListItem","position":1,"name":"Accueil","item":"https:\/\/noixdegrenoble-riviere.com\/"},{"@type":"ListItem","position":2,"name":"Accueil"}]},{"@type":"WebSite","@id":"https:\/\/noixdegrenoble-riviere.com\/#website","url":"https:\/\/noixdegrenoble-riviere.com\/","name":"Arnaud Rivi\u00e8re","description":"","potentialAction":[{"@type":"SearchAction","target":{"@type":"EntryPoint","urlTemplate":"https:\/\/noixdegrenoble-riviere.com\/?s={search_term_string}"},"query-input":"required name=search_term_string"}],"inLanguage":"fr-FR"}]}},"_links":{"self":[{"href":"https:\/\/noixdegrenoble-riviere.com\/index.php?rest_route=\/wp\/v2\/pages\/156","targetHints":{"allow":["GET"]}}],"collection":[{"href":"https:\/\/noixdegrenoble-riviere.com\/index.php?rest_route=\/wp\/v2\/pages"}],"about":[{"href":"https:\/\/noixdegrenoble-riviere.com\/index.php?rest_route=\/wp\/v2\/types\/page"}],"author":[{"embeddable":true,"href":"https:\/\/noixdegrenoble-riviere.com\/index.php?rest_route=\/wp\/v2\/users\/1"}],"replies":[{"embeddable":true,"href":"https:\/\/noixdegrenoble-riviere.com\/index.php?rest_route=%2Fwp%2Fv2%2Fcomments&post=156"}],"version-history":[{"count":2,"href":"https:\/\/noixdegrenoble-riviere.com\/index.php?rest_route=\/wp\/v2\/pages\/156\/revisions"}],"predecessor-version":[{"id":175,"href":"https:\/\/noixdegrenoble-riviere.com\/index.php?rest_route=\/wp\/v2\/pages\/156\/revisions\/175"}],"wp:attachment":[{"href":"https:\/\/noixdegrenoble-riviere.com\/index.php?rest_route=%2Fwp%2Fv2%2Fmedia&parent=156"}],"curies":[{"name":"wp","href":"https:\/\/api.w.org\/{rel}","templated":true}]}}